{"id":241,"date":"2026-01-18T00:34:46","date_gmt":"2026-01-18T00:34:46","guid":{"rendered":"https:\/\/www.nartugan.com.tr\/?page_id=241"},"modified":"2026-01-18T01:09:55","modified_gmt":"2026-01-18T01:09:55","slug":"finalist-filmler","status":"publish","type":"page","link":"https:\/\/www.nartugan.com.tr\/index.php\/finalist-filmler\/","title":{"rendered":"F\u0130NAL\u0130ST F\u0130LMLER"},"content":{"rendered":"\n<h3 class=\"wp-block-heading\"><strong>ULUSAL F\u0130NAL\u0130STLER (T\u00dcRK\u0130YE)<\/strong><\/h3>\n\n\n\n<ul class=\"wp-block-list\">\n<li><strong>Gordion&#8217;s Shepherds<\/strong> \u2013 Kadir Ulu\u00e7 \u2013 Finalist \u2013 2022 <\/li>\n\n\n\n<li><strong>Mo\u011follar<\/strong> \u2013 Irem Aydin \u2013 Finalist \u2013 2022 <\/li>\n\n\n\n<li><strong>I You He\/She We You They<\/strong> \u2013 Sevin YAMAN \u2013 Finalist \u2013 2023 <\/li>\n\n\n\n<li><strong>Derya<\/strong> \u2013 Recep Efe EKEMEN \u2013 Finalist \u2013 2023 <\/li>\n\n\n\n<li><strong>Things I Couldn&#8217;t Pass Without Looking \/ Bakmadan Ge\u00e7emediklerim<\/strong> \u2013 Bar\u0131\u015f Y\u00fcceda\u011f \u2013 Finalist \u2013 2023 <\/li>\n\n\n\n<li><strong>Agora<\/strong> \u2013 Tolga Evguzel \u2013 Finalist \u2013 2023 <\/li>\n\n\n\n<li><strong>Quandary<\/strong> \u2013 Ebubekir Sefa Akbulut \u2013 Finalist \u2013 2024 <\/li>\n\n\n\n<li><strong>Dank<\/strong> \u2013 Tuvana Simin G\u00fcnay \u2013 Finalist \u2013 2024 <\/li>\n\n\n\n<li><strong>THE ISLAND<\/strong> \u2013 MAHMUT TA\u015e \u2013 Finalist \u2013 2024 <\/li>\n\n\n\n<li><strong>CHICKEN BROTH SOUP<\/strong> \u2013 Deniz B\u00fcy\u00fckk\u0131rl\u0131 \u2013 Finalist \u2013 2024 <\/li>\n\n\n\n<li><strong>GOOD MORNING MOM<\/strong> \u2013 OBEN YILMAZ \u2013 Finalist \u2013 2024 <\/li>\n\n\n\n<li><strong>UNCLE AL\u0130<\/strong> \u2013 \u00d6M\u00dcR G\u00dcRGEN \u2013 Finalist \u2013 2024 <\/li>\n\n\n\n<li><strong>The Bomb<\/strong> \u2013 Onur Do\u011fan \u2013 Finalist \u2013 2024 <\/li>\n\n\n\n<li><strong>The Raffle<\/strong> \u2013 Muhammet Emin Altunkaynak \u2013 Finalist \u2013 2024 <\/li>\n\n\n\n<li><strong>HANDPRINT<\/strong> \u2013 Mert \u0130zgi \u2013 Finalist \u2013 2024 <\/li>\n\n\n\n<li><strong>220<\/strong> \u2013 \u0130smail Hakk\u0131 Ko\u00e7ak \u2013 Finalist \u2013 2024 <\/li>\n\n\n\n<li><strong>Croissant (Kruvasan)<\/strong> \u2013 Aziz Alaca \u2013 Finalist \u2013 2024 <\/li>\n\n\n\n<li><strong>The Surrogate Girl<\/strong> \u2013 ONUR G\u00dcLER \u2013 Finalist \u2013 2024 <\/li>\n\n\n\n<li><strong>The Awareness of Dreaming<\/strong> \u2013 Baturay Tun\u00e7at \u2013 Finalist \u2013 2024 <\/li>\n\n\n\n<li><strong>Hitch<\/strong> \u2013 Ecem \u00c7\u00f6rtle \u2013 Finalist \u2013 2024 <\/li>\n\n\n\n<li><strong>Mentally Broken<\/strong> \u2013 Cem G\u00fczel \u2013 Finalist \u2013 2024 <\/li>\n\n\n\n<li><strong>Back To The Land<\/strong> \u2013 Kerem Kurtulu\u015f \u2013 Finalist \u2013 2024 <\/li>\n\n\n\n<li><strong>&#8221; TURGUT ONBASI &#8221; 52 YEARS OF LONGING<\/strong> \u2013 ONUR KOK \u2013 Finalist \u2013 2024 <\/li>\n\n\n\n<li><strong>HEADMAN M\u00dcCAH\u0130T<\/strong> \u2013 FERHAT \u015eENDA\u011e \u2013 Finalist \u2013 2024 <\/li>\n\n\n\n<li><strong>The Contact<\/strong> \u2013 Mert Erez \u2013 Finalist \u2013 2025 <\/li>\n\n\n\n<li><strong>I&#8217;M FROM MIDDLE EAST<\/strong> \u2013 Niloofar Naghdi \u2013 Finalist \u2013 2025 <\/li>\n\n\n\n<li><strong>The Tie<\/strong> \u2013 \u00c7amran Azizo\u011flu \u2013 Finalist \u2013 2025 <\/li>\n\n\n\n<li><strong>Step Back<\/strong> \u2013 \u00c7a\u011fr\u0131 Yolda\u015f \u2013 Finalist \u2013 2025 <\/li>\n\n\n\n<li><strong>The Gu\u0131lty<\/strong> \u2013 Bulut K\u0131rba\u015f \u2013 Finalist \u2013 2025 <\/li>\n\n\n\n<li><strong>NONE<\/strong> \u2013 Ezel MANAY \u2013 Finalist \u2013 2025 <\/li>\n\n\n\n<li><strong>Kare<\/strong> \u2013 Y\u00f6netmeni Belirtilmemi\u015f \u2013 Finalist \u2013 2025 <\/li>\n\n\n\n<li><strong>ANGST<\/strong> \u2013 Furkan Arslanta\u015f \u2013 Finalist \u2013 2025 <\/li>\n\n\n\n<li><strong>\u00d6zg\u00fcrl\u00fck Y\u0131lk\u0131lar\u0131 &#8211; Dizginsiz \u00d6zg\u00fcrl\u00fck<\/strong> \u2013 Meryem \u015eahin \u2013 Finalist \u2013 2025 <\/li>\n\n\n\n<li><strong>rope<\/strong> \u2013 ramin kazemi \u2013 Finalist \u2013 2025 <\/li>\n\n\n\n<li><strong>SUNLIGHT<\/strong> \u2013 ERMAN DO\u011eAN \u00c7ET\u0130N \u2013 Finalist \u2013 2025 <\/li>\n\n\n\n<li><strong>326<\/strong> \u2013 M\u0130RAY KUYUMCU \u2013 Finalist \u2013 2025 <\/li>\n<\/ul>\n\n\n\n<h3 class=\"wp-block-heading\"><strong>ULUSLARARASI F\u0130NAL\u0130STLER<\/strong><\/h3>\n\n\n\n<ul class=\"wp-block-list\">\n<li><strong>PATIO<\/strong> \u2013 maryam bahrololumi (\u0130ran) \u2013 Finalist \u2013 2021 <\/li>\n\n\n\n<li><strong>PSYCHEDELIC<\/strong> \u2013 Davide Cosco (\u0130talya) \u2013 Finalist \u2013 2021 <\/li>\n\n\n\n<li><strong>Painting By Numbers<\/strong> \u2013 Radheya Jegatheva (Avustralya) \u2013 Finalist \u2013 2021 <\/li>\n\n\n\n<li><strong>Survival Artists<\/strong> \u2013 Lucas Kauter (Hollanda) \u2013 Finalist \u2013 2021 <\/li>\n\n\n\n<li><strong>\uc9c4\ud759 \ud50c\ub7ab<\/strong> \u2013 \uc774\ud601 (G\u00fcney Kore) \u2013 Finalist \u2013 2021 <\/li>\n\n\n\n<li><strong>Lethal Virus<\/strong> \u2013 Daniel H. Torrado \u2013 Finalist \u2013 2021 <\/li>\n\n\n\n<li><strong>Corrosion<\/strong> \u2013 Li-Fu HSU (Tayvan) \u2013 Finalist \u2013 2021 <\/li>\n\n\n\n<li><strong>BETE NOIRE<\/strong> \u2013 JEREMY TRELLU (Fransa) \u2013 Finalist \u2013 2021 <\/li>\n\n\n\n<li><strong>TIO<\/strong> \u2013 JUAN MEDINA (Meksika) \u2013 Finalist \u2013 2021 <\/li>\n\n\n\n<li><strong>Hidden<\/strong> \u2013 Arsim Fazlia (Kuzey Makedonya) \u2013 Finalist \u2013 2022 <\/li>\n\n\n\n<li><strong>Good Boy<\/strong> \u2013 Tom Stuart (Birle\u015fik Krall\u0131k) \u2013 Finalist \u2013 2023 <\/li>\n\n\n\n<li><strong>Balkancisco<\/strong> \u2013 Tugrul Sarikaya (ABD) \u2013 Finalist \u2013 2024 <\/li>\n\n\n\n<li><strong>IUD<\/strong> \u2013 Laura Van Der Zee \u2013 Finalist \u2013 2024 <\/li>\n\n\n\n<li><strong>Vueltas<\/strong> \u2013 Jordina Sarl\u00e9 \u2013 Finalist \u2013 2024 <\/li>\n\n\n\n<li><strong>Deception<\/strong> \u2013 Ashkan Khoshsorour \u2013 Finalist \u2013 2024 <\/li>\n\n\n\n<li><strong>Stepmother<\/strong> \u2013 Negar Naghavi (Fransa) \u2013 Finalist \u2013 2024 <\/li>\n\n\n\n<li><strong>Winter<\/strong> \u2013 Jean-Benoit Ugeux (Fransa) \u2013 Finalist \u2013 2024 <\/li>\n\n\n\n<li><strong>claimant<\/strong> \u2013 nadereh sadat serki \u2013 Finalist \u2013 2025 <\/li>\n\n\n\n<li><strong>A Summer&#8217;s End Poem<\/strong> \u2013 Lam Can-zhao \u2013 Finalist \u2013 2025 <\/li>\n\n\n\n<li><strong>I CAN SMELL A RAT<\/strong> \u2013 Antonious George Bassily \u2013 Finalist \u2013 2025 <\/li>\n\n\n\n<li><strong>Murmurar\u00e9<\/strong> \u2013 Ula Moroz (Birle\u015fik Krall\u0131k) \u2013 Finalist \u2013 2025 <\/li>\n\n\n\n<li><strong>Silently<\/strong> \u2013 Sahar Mahmoudi \u2013 Finalist \u2013 2025 <\/li>\n\n\n\n<li><strong>The Breadwinner<\/strong> \u2013 Tatiana Fedyunina \u2013 Finalist \u2013 2025 <\/li>\n\n\n\n<li><strong>Thirteen<\/strong> \u2013 Francisco Gaspar, Well Darwin \u2013 Finalist \u2013 2025 <\/li>\n\n\n\n<li><strong>ADHURA KHVAAB<\/strong> \u2013 Y\u00f6netmeni Belirtilmemi\u015f (Hindistan) \u2013 Finalist \u2013 2025 <\/li>\n\n\n\n<li><strong>Sivappu Kayiru \/ Red Rope<\/strong> \u2013 Sasikumar S \u2013 Finalist \u2013 2025 <\/li>\n\n\n\n<li><strong>Walking With God<\/strong> \u2013 Lois M Banks (ABD) \u2013 Finalist \u2013 2025 <\/li>\n\n\n\n<li><strong>House With Heart<\/strong> \u2013 Sabahet Dzafica (BAE) \u2013 Finalist \u2013 2025 <\/li>\n\n\n\n<li><strong>Visit<\/strong> \u2013 Paulina Zaj\u0105c (Polonya) \u2013 Finalist \u2013 2025 <\/li>\n\n\n\n<li><strong>A SYMPHONY FOR WOMEN NOT TO BE KILLED<\/strong> \u2013 Hakan Sar\u0131g\u00fcl (\u0130spanya) \u2013 Finalist \u2013 2025 <\/li>\n\n\n\n<li><strong>Mulasi (My Friends)<\/strong> \u2013 Honeymoon Aljabri \u2013 Finalist \u2013 2021 <\/li>\n\n\n\n<li><strong>Narcissus<\/strong> \u2013 Jiayi Liu \u2013 Finalist \u2013 2021 <\/li>\n\n\n\n<li><strong>Science fiction fan club<\/strong> \u2013 Evgeny Ternovykh \u2013 Finalist \u2013 2021 <\/li>\n\n\n\n<li><strong>Like fish in the water<\/strong> \u2013 Juan Manuel Mancilla \u2013 Finalist \u2013 2021 <\/li>\n\n\n\n<li><strong>Our Shop<\/strong> \u2013 G\u00fczin Abra\u015f \u2013 Finalist \u2013 2022 <\/li>\n\n\n\n<li><strong>BELINDA<\/strong> \u2013 Aykan Yucel Irwins \u2013 Finalist \u2013 2022 <\/li>\n\n\n\n<li><strong>TRACKER<\/strong> \u2013 MEHMET TANRISEVER \u2013 Finalist \u2013 2022 <\/li>\n\n\n\n<li><strong>Good Morning My Love<\/strong> \u2013 G\u00f6k\u015fin Do\u011fa Egesoy \u2013 Finalist \u2013 2023 <\/li>\n\n\n\n<li><strong>Life<\/strong> \u2013 Muhammed Emin Demiral \u2013 Finalist \u2013 2023 <\/li>\n\n\n\n<li><strong>Last Seedling<\/strong> \u2013 Mert \u0130nan \u2013 Finalist \u2013 2024 <\/li>\n\n\n\n<li><strong>Jade Rain<\/strong> \u2013 Volkan Durmu\u015f \u2013 Finalist \u2013 2024 <\/li>\n\n\n\n<li><strong>SILENT LETTER<\/strong> \u2013 EMRE KARADEM\u0130R \u2013 Finalist \u2013 2024 <\/li>\n\n\n\n<li><strong>The Door<\/strong> \u2013 Tu\u011f\u00e7e Sar\u0131y\u0131lmaz \u2013 Finalist \u2013 2024 <\/li>\n\n\n\n<li><strong>BYSTANDERS<\/strong> \u2013 Sezgin S\u00f6nmez \u2013 Finalist \u2013 2024 <\/li>\n\n\n\n<li><strong>Hayallerim ve M\u00fccadelem<\/strong> \u2013 Cem G\u00fczel \u2013 Finalist \u2013 2024 <\/li>\n\n\n\n<li><strong>Following The Light:Zaz<\/strong> \u2013 Yusuf islam \u00f6lmez \u2013 Finalist \u2013 2024 <\/li>\n\n\n\n<li><strong>WOLVES<\/strong> \u2013 Ecre Beg\u00fcm Bayrak \u2013 Finalist \u2013 2024 <\/li>\n\n\n\n<li><strong>Making Space<\/strong> \u2013 Deniz Zorlu, Eda Ar\u0131soy \u2013 Finalist \u2013 2024 <\/li>\n\n\n\n<li><strong>YAREN<\/strong> \u2013 mehmet ali poyraz \u2013 Finalist \u2013 2024 <\/li>\n\n\n\n<li><strong>WDS Turkce<\/strong> \u2013 Y\u00f6netmeni Belirtilmemi\u015f \u2013 Finalist \u2013 2024 <\/li>\n\n\n\n<li><strong>Coffee for Thought<\/strong> \u2013 G\u0130ZEM \u00c7O\u015eGUN \u2013 Finalist \u2013 2024 <\/li>\n\n\n\n<li><strong>Mama Turkey \/ Mama Turkey<\/strong> \u2013 Ebru Erke \u2013 Finalist \u2013 2024 <\/li>\n\n\n\n<li><strong>Braid<\/strong> \u2013 Cem G\u00f6\u00e7men \u2013 Finalist \u2013 2025 <\/li>\n\n\n\n<li><strong>The Forgiven<\/strong> \u2013 Burak Kablan \u2013 Finalist \u2013 2025 <\/li>\n\n\n\n<li><strong>Blue Rabbit<\/strong> \u2013 Ayten Ba\u015fer \u2013 Finalist \u2013 2025 <\/li>\n\n\n\n<li><strong>An Anatolian Song<\/strong> \u2013 S\u00fcleyman \u00d6zdemir \u2013 Finalist \u2013 2025 <\/li>\n\n\n\n<li><strong>Longarms (Uzunkol)<\/strong> \u2013 Cemal Karaaslan \u2013 Finalist \u2013 2025 <\/li>\n\n\n\n<li><strong>Between days<\/strong> \u2013 Judit Ortu\u00f1o \u2013 Finalist \u2013 2025 <\/li>\n\n\n\n<li><strong>Why Did You Come Back Every Summer<\/strong> \u2013 Juli Su\u00e0rez \u2013 Finalist \u2013 2025 <\/li>\n\n\n\n<li><strong>Turkish Delights<\/strong> \u2013 Ferhat Portakal \u2013 Finalist \u2013 2025 <\/li>\n\n\n\n<li><strong>Mountains&#8217; Daughter Reyhan<\/strong> \u2013 Zeynab Gurbanova \u2013 Finalist \u2013 2025<\/li>\n<\/ul>\n","protected":false},"excerpt":{"rendered":"<p>ULUSAL F\u0130NAL\u0130STLER (T\u00dcRK\u0130YE) ULUSLARARASI F\u0130NAL\u0130STLER<\/p>\n","protected":false},"author":1,"featured_media":0,"parent":0,"menu_order":0,"comment_status":"closed","ping_status":"closed","template":"","meta":{"footnotes":""},"class_list":["post-241","page","type-page","status-publish","hentry"],"jetpack_sharing_enabled":true,"_links":{"self":[{"href":"https:\/\/www.nartugan.com.tr\/index.php\/wp-json\/wp\/v2\/pages\/241","targetHints":{"allow":["GET"]}}],"collection":[{"href":"https:\/\/www.nartugan.com.tr\/index.php\/wp-json\/wp\/v2\/pages"}],"about":[{"href":"https:\/\/www.nartugan.com.tr\/index.php\/wp-json\/wp\/v2\/types\/page"}],"author":[{"embeddable":true,"href":"https:\/\/www.nartugan.com.tr\/index.php\/wp-json\/wp\/v2\/users\/1"}],"replies":[{"embeddable":true,"href":"https:\/\/www.nartugan.com.tr\/index.php\/wp-json\/wp\/v2\/comments?post=241"}],"version-history":[{"count":0,"href":"https:\/\/www.nartugan.com.tr\/index.php\/wp-json\/wp\/v2\/pages\/241\/revisions"}],"wp:attachment":[{"href":"https:\/\/www.nartugan.com.tr\/index.php\/wp-json\/wp\/v2\/media?parent=241"}],"curies":[{"name":"wp","href":"https:\/\/api.w.org\/{rel}","templated":true}]}}