{"id":153,"date":"2026-01-17T21:48:04","date_gmt":"2026-01-17T21:48:04","guid":{"rendered":"https:\/\/www.nartugan.com.tr\/?page_id=153"},"modified":"2026-01-18T04:44:36","modified_gmt":"2026-01-18T04:44:36","slug":"basin","status":"publish","type":"page","link":"https:\/\/www.nartugan.com.tr\/index.php\/basin\/","title":{"rendered":"BASINDA B\u0130Z"},"content":{"rendered":"\n<h5 class=\"wp-block-heading\"><strong>BASINDA B\u0130Z<\/strong><\/h5>\n\n\n\n<p>\u0130stanbul Uluslararas\u0131 Nartugan Film Festivali (IINFF), kuruldu\u011fu ilk g\u00fcnden bu yana ulusal ve uluslararas\u0131 bas\u0131nda geni\u015f yank\u0131 bulmu\u015f; UNESCO T\u00fcrkiye Milli Komisyonu k\u00fclt\u00fcrel himayesi ve IMDb onay\u0131yla sayg\u0131n bir marka haline gelmi\u015ftir. Festivalimizin kronolojik medya yans\u0131malar\u0131 a\u015fa\u011f\u0131dad\u0131r:<\/p>\n\n\n\n<h5 class=\"wp-block-heading\"><strong>2025 \u2013 6. YIL<\/strong><\/h5>\n\n\n\n<ul class=\"wp-block-list\">\n<li><strong>\u00dcsk\u00fcdar Belediyesi:<\/strong> <a href=\"https:\/\/www.uskudar.bel.tr\/tr\/main\/eventcalendar\/film-festivali\/61\/6-istanbul-uluslararasi-nartugan-film-festiva\/6732\" target=\"_blank\" rel=\"noreferrer noopener\">6. \u0130stanbul Uluslararas\u0131 Nartugan Film Festivali Etkinlik Detay\u0131<\/a><\/li>\n\n\n\n<li><strong>Telenews:<\/strong> <a href=\"https:\/\/telenews.com.tr\/2025\/12\/22\/nardugan-film-festivali\/\" target=\"_blank\" rel=\"noreferrer noopener\">Nardugan Film Festivali \u00d6d\u00fcl T\u00f6reni Haberleri<\/a><\/li>\n\n\n\n<li><strong>Son Havadis:<\/strong> <a href=\"https:\/\/www.sonhavadis.com\/turkiyenin-ilk-ufo-belgeseli-temas-istanbul-nartugan-film-festivali-en-iyi-belgesel-odulunu-aldi\/119156\" target=\"_blank\" rel=\"noreferrer noopener\">T\u00fcrkiye\u2019nin \u0130lk UFO Belgeseli Temas, Nartugan&#8217;da &#8220;En \u0130yi Belgesel&#8221; \u00d6d\u00fcl\u00fcn\u00fc Ald\u0131<\/a><\/li>\n<\/ul>\n\n\n\n<h5 class=\"wp-block-heading\"><strong>2024 \u2013 5. YIL<\/strong><\/h5>\n\n\n\n<ul class=\"wp-block-list\">\n<li><strong>\u0130hlas Haber Ajans\u0131 (\u0130HA):<\/strong> <a href=\"https:\/\/www.iha.com.tr\/istanbul-haberleri\/nartugan-film-festivali-odulleri-sahiplerini-buldu-164968418\" target=\"_blank\" rel=\"noreferrer noopener\">Nartugan Film Festivali \u00d6d\u00fclleri Sahiplerini Buldu<\/a><\/li>\n\n\n\n<li><strong>\u00dcsk\u00fcdar Belediyesi:<\/strong> <a href=\"https:\/\/www.uskudar.bel.tr\/tr\/main\/eventcalendar\/odul-toreni\/46\/5-istanbul-uluslararasi-nartugan-film-festiva\/6231\" target=\"_blank\" rel=\"noreferrer noopener\">5. Uluslararas\u0131 Nartugan Film Festivali \u00d6d\u00fcl T\u00f6reni<\/a><\/li>\n\n\n\n<li><strong>YouTube:<\/strong> <a href=\"https:\/\/www.youtube.com\/watch?v=YrZrbwkFiWI\" target=\"_blank\" rel=\"noreferrer noopener\">5. Nartugan Film Festivali \u00d6d\u00fcl T\u00f6reni Canl\u0131 Kayd\u0131<\/a><\/li>\n<\/ul>\n\n\n\n<h5 class=\"wp-block-heading\"><strong>2023 \u2013 4. YIL<\/strong><\/h5>\n\n\n\n<ul class=\"wp-block-list\">\n<li><strong>Tourism Journal:<\/strong> <a href=\"https:\/\/www.tourismjournal.com.tr\/gundem\/kadim-turk-kulturu-nartugan-ile-sinemanin-evrensel-dili-bulustu-895977\" target=\"_blank\" rel=\"noreferrer noopener\">Kadim T\u00fcrk K\u00fclt\u00fcr\u00fc Nartugan \u0130le Sineman\u0131n Evrensel Dili Bulu\u015ftu<\/a><\/li>\n\n\n\n<li><strong>Deniz Kartal\u0131:<\/strong> <a href=\"https:\/\/denizkartali.com\/kadim-turklerin-gelenegini-yasatan-film-festivali-nartugan\/\" target=\"_blank\" rel=\"noreferrer noopener\">Kadim T\u00fcrklerin Gelene\u011fini Ya\u015fatan Film Festivali<\/a><\/li>\n\n\n\n<li><strong>7Deniz:<\/strong> <a href=\"https:\/\/www.7deniz.net\/3-nartugan-film-festivali-odulleri-sahiplerini-buldu\" target=\"_blank\" rel=\"noreferrer noopener\">3. Nartugan Film Festivali \u00d6d\u00fclleri Sahiplerini Buldu<\/a><\/li>\n<\/ul>\n\n\n\n<h5 class=\"wp-block-heading\"><strong>2022 \u2013 3. YIL<\/strong><\/h5>\n\n\n\n<ul class=\"wp-block-list\">\n<li><strong>UNESCO T\u00fcrkiye Milli Komisyonu:<\/strong> <a href=\"https:\/\/www.unesco.org.tr\/Pages\/1886\/1354\/2022-Y%C4%B1l%C4%B1nda-Logo-Verilen-Etkinlikler\" target=\"_blank\" rel=\"noreferrer noopener\">2022 Y\u0131l\u0131 Logolu Etkinlikler Listesi<\/a><\/li>\n\n\n\n<li><strong>Halk TV:<\/strong> <a href=\"https:\/\/halktv.com.tr\/kultur-sanat\/istanbulda-ucretsiz-sinema-soleni-707871h\" target=\"_blank\" rel=\"noreferrer noopener\">\u0130stanbul\u2019da \u00dccretsiz Sinema \u015e\u00f6leni<\/a><\/li>\n\n\n\n<li><strong>Kad\u0131k\u00f6y Belediyesi:<\/strong> <a href=\"https:\/\/kultursanat.kadikoy.bel.tr\/tr\/kadikoyde-kultur-sanat\/iinff-istanbul-uluslararasi-nartugan-film-festivali-odul-toreni-21-12-22\" target=\"_blank\" rel=\"noreferrer noopener\">IINFF \u00d6d\u00fcl T\u00f6reni &#8211; Kad\u0131k\u00f6y K\u00fclt\u00fcr Sanat<\/a><\/li>\n\n\n\n<li><strong>Sadi Bey:<\/strong> <a href=\"https:\/\/sadibey.com\/2022\/11\/01\/istanbul-uluslararasi-nartugan-film-festivali-2022\/\" target=\"_blank\" rel=\"noreferrer noopener\">\u0130stanbul Uluslararas\u0131 Nartugan Film Festivali 2022 Vizyonu<\/a><\/li>\n<\/ul>\n\n\n\n<h5 class=\"wp-block-heading\"><strong>2021 \u2013 2. YIL<\/strong><\/h5>\n\n\n\n<ul class=\"wp-block-list\">\n<li><strong>UNESCO T\u00fcrkiye Milli Komisyonu:<\/strong> <a href=\"https:\/\/www.unesco.org.tr\/Pages\/1808\/1340\/2021-Y%C4%B1l%C4%B1nda-Logo-Verilen-Etkinlikler\" target=\"_blank\" rel=\"noreferrer noopener\">2021 Y\u0131l\u0131 Logolu Etkinlikler Listesi<\/a><\/li>\n\n\n\n<li><strong>CNN T\u00fcrk:<\/strong> <a href=\"https:\/\/www.cnnturk.com\/video\/turkiye\/naturgan-film-festivali-basladi-1735798\" target=\"_blank\" rel=\"noreferrer noopener\">Nartugan Film Festivali Ba\u015flad\u0131 (Video Haber)<\/a><\/li>\n\n\n\n<li><strong>Gazete Kad\u0131k\u00f6y:<\/strong> <a href=\"https:\/\/www.gazetekadikoy.com.tr\/kultur-sanat\/nartugan-film-festivali-basliyor\" target=\"_blank\" rel=\"noreferrer noopener\">Nartugan Film Festivali Sinemaseverlerle Bulu\u015fuyor<\/a><\/li>\n\n\n\n<li><strong>Edebiyat Haber:<\/strong> <a href=\"https:\/\/www.edebiyathaber.net\/international-istanbul-nartugan-film-festivali-ilk-toplantisini-gerceklestirdi\/\" target=\"_blank\" rel=\"noreferrer noopener\">International Istanbul Nartugan Film Festivali \u0130lk Toplant\u0131s\u0131n\u0131 Ger\u00e7ekle\u015ftirdi<\/a><\/li>\n<\/ul>\n\n\n\n<h5 class=\"wp-block-heading\"><strong>2020 \u2013 KURULU\u015e YILI<\/strong><\/h5>\n\n\n\n<ul class=\"wp-block-list\">\n<li><strong>Deniz Ticaret Gazetesi:<\/strong> <a href=\"https:\/\/www.denizticaretgazetesi.org\/haber\/istanbul-uluslararasi-nartugan-film-festivalinin-1-onumuzdeki-yil-gerceklesecek-15475\" target=\"_blank\" rel=\"noreferrer noopener\">\u0130stanbul Uluslararas\u0131 Nartugan Film Festivali\u2019nin Yolculu\u011fu Ba\u015fl\u0131yor<\/a><\/li>\n\n\n\n<li><strong>Kamera Arkas\u0131:<\/strong> <a href=\"https:\/\/www.kameraarkasi.org\/festivaller\/istanbulnartugan_01.html\" target=\"_blank\" rel=\"noreferrer noopener\">IINFF 1. Y\u0131l Festival Ar\u015fivi<\/a><\/li>\n<\/ul>\n","protected":false},"excerpt":{"rendered":"<p>BASINDA B\u0130Z \u0130stanbul Uluslararas\u0131 Nartugan Film Festivali (IINFF), kuruldu\u011fu ilk g\u00fcnden bu yana ulusal ve uluslararas\u0131 bas\u0131nda geni\u015f yank\u0131 bulmu\u015f; UNESCO T\u00fcrkiye Milli Komisyonu k\u00fclt\u00fcrel himayesi ve IMDb onay\u0131yla sayg\u0131n bir marka haline gelmi\u015ftir. Festivalimizin kronolojik medya yans\u0131malar\u0131 a\u015fa\u011f\u0131dad\u0131r: 2025 \u2013 6. YIL 2024 \u2013 5. YIL 2023 \u2013 4&#8230;. <a class=\"continue-reading-link\" href=\"https:\/\/www.nartugan.com.tr\/index.php\/basin\/\">Okumaya Devam Et. <span class=\"meta-nav\">&rarr; <\/span><\/a><\/p>\n","protected":false},"author":1,"featured_media":0,"parent":0,"menu_order":0,"comment_status":"closed","ping_status":"closed","template":"","meta":{"footnotes":""},"class_list":["post-153","page","type-page","status-publish","hentry"],"jetpack_sharing_enabled":true,"_links":{"self":[{"href":"https:\/\/www.nartugan.com.tr\/index.php\/wp-json\/wp\/v2\/pages\/153","targetHints":{"allow":["GET"]}}],"collection":[{"href":"https:\/\/www.nartugan.com.tr\/index.php\/wp-json\/wp\/v2\/pages"}],"about":[{"href":"https:\/\/www.nartugan.com.tr\/index.php\/wp-json\/wp\/v2\/types\/page"}],"author":[{"embeddable":true,"href":"https:\/\/www.nartugan.com.tr\/index.php\/wp-json\/wp\/v2\/users\/1"}],"replies":[{"embeddable":true,"href":"https:\/\/www.nartugan.com.tr\/index.php\/wp-json\/wp\/v2\/comments?post=153"}],"version-history":[{"count":0,"href":"https:\/\/www.nartugan.com.tr\/index.php\/wp-json\/wp\/v2\/pages\/153\/revisions"}],"wp:attachment":[{"href":"https:\/\/www.nartugan.com.tr\/index.php\/wp-json\/wp\/v2\/media?parent=153"}],"curies":[{"name":"wp","href":"https:\/\/api.w.org\/{rel}","templated":true}]}}